 is the highest common divisor of 20715 and 13158168?
4143
Calculate the highest common divisor of 22 and 83152542.
22
Calculate the highest common factor of 11 and 906134251.
11
What is the highest common factor of 85827 and 503706?
1407
Calculate the highest common divisor of 4096602 and 642.
642
Calculate the highest common factor of 37704 and 148692.
12
What is the greatest common divisor of 50 and 71354650?
50
Calculate the highest common factor of 522 and 1914948.
18
What is the highest common factor of 19095848 and 481?
37
Calculate the greatest common factor of 22937869 and 145.
29
What is the highest common divisor of 164605896 and 2522?
2522
Calculate the greatest common factor of 73 and 9134563.
73
What is the highest common divisor of 25562530 and 1330?
70
Calculate the highest common factor of 383125 and 2105655.
3065
Calculate the highest common factor of 18 and 17520606.
18
Calculate the highest common divisor of 111541458 and 6.
6
Calculate the highest common divisor of 955520 and 303079.
1493
Calculate the highest common factor of 3595489365 and 195.
195
Calculate the greatest common factor of 1612 and 14682902.
806
What is the highest common divisor of 56991 and 85569?
33
What is the greatest common factor of 19235870 and 1038?
346
Calculate the highest common divisor of 27328 and 222848.
64
Calculate the highest common divisor of 54864 and 908910.
18
What is the highest common divisor of 59837 and 141125?
1129
Calculate the highest common divisor of 128838197 and 591.
197
What is the greatest common factor of 1478197 and 658?
329
What is the greatest common divisor of 99609664 and 48?
16
Calculate the highest common factor of 4023 and 19139199.
447
Calculate the greatest common factor of 91114656 and 36.
12
What is the highest common divisor of 220 and 51074060?
20
What is the greatest common divisor of 438 and 531525702?
438
Calculate the greatest common divisor of 321245 and 6815.
235
What is the greatest common divisor of 8 and 52997066?
2
Calculate the highest common factor of 18362610 and 530.
10
What is the highest common divisor of 1099399 and 84?
7
Calculate the highest common divisor of 46790 and 7740.
10
What is the highest common factor of 2125717852 and 53?
53
What is the greatest common factor of 756723420 and 16776?
8388
What is the highest common factor of 83 and 25039523?
83
What is the highest common factor of 10110676 and 67596?
172
What is the highest common factor of 35 and 344995?
35
What is the greatest common factor of 3079219 and 1859?
143
What is the greatest common divisor of 37196 and 4467349?
547
Calculate the greatest common divisor of 655400 and 2107111.
3277
Calculate the greatest common factor of 1692 and 16731342.
846
Calculate the greatest common divisor of 73743459 and 2357.
2357
What is the highest common factor of 48466537 and 16947?
1883
What is the greatest common factor of 2005705 and 5369?
767
What is the highest common factor of 180 and 4886880?
60
What is the highest common divisor of 41839353 and 94?
47
Calculate the greatest common factor of 1333986 and 1168074.
1338
What is the highest common divisor of 4766590 and 5680?
10
What is the greatest common divisor of 421104 and 314805?
93
Calculate the highest common divisor of 157016 and 64999.
19
Calculate the highest common divisor of 246866877 and 90.
9
What is the highest common factor of 640 and 1607030400?
640
What is the highest common divisor of 162 and 920406?
6
Calculate the highest common divisor of 5310956 and 745.
149
Calculate the highest common divisor of 148712047 and 55.
11
What is the greatest common factor of 101153 and 15314?
403
Calculate the highest common divisor of 80343 and 64069.
79
Calculate the greatest common factor of 81918 and 13355586.
738
What is the greatest common factor of 739489 and 3112?
389
What is the highest common factor of 3261 and 8325?
3
Calculate the highest common factor of 75 and 54759525.
75
What is the greatest common divisor of 183427 and 4798687?
5917
Calculate the greatest common factor of 786 and 67656129.
393
What is the greatest common divisor of 1112 and 3899923?
139
What is the greatest common factor of 216 and 6629391?
27
What is the highest common factor of 462 and 243582878?
154
What is the greatest common factor of 360362 and 50?
2
What is the highest common divisor of 29636 and 501332?
124
Calculate the highest common divisor of 24956748 and 1173.
1173
What is the highest common divisor of 22 and 19961029?
11
Calculate the greatest common divisor of 175684 and 10528348.
668
What is the greatest common divisor of 11700 and 541580?
260
Calculate the highest common divisor of 510449055 and 2040.
255
What is the greatest common divisor of 816 and 2245404?
12
Calculate the greatest common divisor of 3081615 and 1095.
15
Calculate the highest common divisor of 68256 and 4336389.
2133
Calculate the greatest common divisor of 263910 and 1170.
30
Calculate the highest common divisor of 630 and 29834.
14
Calculate the greatest common divisor of 6875 and 95766875.
625
Calculate the highest common divisor of 59508 and 83201.
551
Calculate the highest common divisor of 15780 and 293245.
1315
What is the greatest common factor of 28954939 and 727883?
12337
What is the highest common factor of 224 and 2239712?
32
What is the greatest common divisor of 629 and 42462865?
37
What is the greatest common divisor of 3317 and 14327407?
107
What is the greatest common factor of 4816 and 1514976?
688
Calculate the highest common divisor of 1859 and 32120231.
143
What is the highest common factor of 646696 and 2290?
458
What is the highest common factor of 126900 and 3858300?
2700
Calculate the highest common factor of 155527 and 7439.
173
Calculate the greatest common divisor of 111 and 37025123.
37
Calculate the greatest common divisor of 647725 and 2275.
325
What is the greatest common divisor of 7035 and 202774495?
2345
Calculate the highest common factor of 9 and 611959473.
9
Calculate the greatest common divisor of 7770 and 22246287.
777
What is the highest common factor of 656642953 and 2917?
2917
What is the greatest common divisor of 19479624 and 72?
24
What is the highest common divisor of 5142650 and 2?
2
What is the highest common divisor of 45 and 94687545?
15
What is the highest common divisor of 28663 and 1669?
1
Calculate the greatest common divisor of 20527991 and 197.
197
Calculate the greatest common divisor of 13746145 and 725.
145
What is the highest common divisor of 210 and 33711714?
6
What is the highest common divisor of 11022 and 223476?
66
Calculate the highest common factor of 68385 and 1642695.
1455
What is the greatest common divisor of 19607632 and 81400?
3256
Calculate the highest common divisor of 259 and 12260801.
259
Calculate the greatest common divisor of 6 and 178746.
6
What is the greatest common factor of 8208340 and 560?
140
What is the highest common divisor of 533434278 and 26?
26
Calculate the greatest common divisor of 647067 and 1152.
3
What is the highest common factor of 5 and 477387?
1
Calculate the highest common factor of 1860615 and 76719.
717
Calculate the highest common divisor of 618 and 3408948.
6
What is the highest common divisor of 9557613 and 624?
39
Calculate the greatest common divisor of 43810 and 33735.
65
Calculate the highest common divisor of 24 and 924670632.
24
Calculate the greatest common factor of 21957269 and 358558.
2939
What is the greatest common factor of 455332 and 436?
4
What is the greatest common divisor of 391 and 60163?
17
What is the highest common factor of 125929537 and 37?
37
Calculate the greatest common factor of 48714300 and 12.
12
What is the greatest common divisor of 96 and 5077716?
12
What is the greatest common divisor of 1377 and 175100?
17
Calculate the greatest common factor of 1260 and 23147460.
1260
What is the greatest common factor of 1372 and 243446?
14
Calculate the highest common factor of 1648 and 9876112.
16
Calculate the highest common divisor of 4165 and 79143330.
4165
Calculate the greatest common divisor of 114 and 21432760.
38
Calculate the highest common factor of 590 and 475835.
295
What is the greatest common factor of 12180 and 631584156?
2436
What is the greatest common diviso